 - -4)) + -9 + 2?
0
What is the value of -3 + (3 - 3) - (-4 - -1)?
0
Calculate -60 + 45 + (6 - -1).
-8
What is the value of 3 - (16 + -11 + 5 - 5)?
-2
What is the value of 4 + (0 + -2 - (-14 - -18))?
-2
Evaluate (-14 + -1 - 3) + 4 - -8.
-6
3 + (-3 - (3 + -6)) - -2
5
What is 6 - (-2 - (-2 - 1))?
5
5 + 4 + (2 - 5)
6
Calculate (1 - -3) + (-13 - -11).
2
Evaluate (3 + -12 - -2) + (-5 - -10).
-2
Calculate -8 + 4 - (-2 - (3 - 4)).
-3
What is the value of (0 - 1 - 3) + 80 + -78?
-2
Evaluate -30 + 21 - (3 - 10).
-2
Calculate -10 + 16 + (-1 - 5).
0
What is the value of 0 + -6 - -4 - 1?
-3
What is the value of (-13 - -8) + (-2 + -2 - 0)?
-9
Calculate (7 - 12) + 5 + (0 - 2).
-2
Evaluate -5 + (-4 + -3 - -5) + 1.
-6
What is the value of (0 - 4) + (0 - (2 - 1))?
-5
Calculate (-5 - -3 - (16 + -10)) + 5.
-3
6 + -1 + -13 - -7
-1
What is (-12 + 5 - -4) + (-2 - 0)?
-5
1 + 4 + -3 + -7
-5
What is the value of (1 - (5 + -11 - -5)) + -9?
-7
What is the value of -5 + (-2 + -3 - (9 + -20))?
1
Evaluate 55 + -56 - ((1 - 0) + 0).
-2
Calculate 1 - (2 + -6 + (4 - 0)).
1
-3 + (-6 - -20) + 0 + -7
4
What is 12 - (7 + 5 + -6 - -2)?
4
Calculate (11 + -3 - 3) + -2.
3
What is the value of -2 + (5 - (6 + -4))?
1
What is the value of 11 - 2 - (-73 + 81)?
1
3 + (0 - (2 - 4)) + -1
4
What is (4 - (7 - 7)) + (2 - -1)?
7
Calculate 1 - (0 + 0) - 0.
1
-3 + -1 + -3 + 3
-4
Evaluate -95 + 97 - (-5 - 0).
7
Calculate (8 - 10 - (-3 + 0)) + 1.
2
What is the value of 3 + 1 - ((-4 - 4) + 15)?
-3
What is (5 - 4) + -5 + 8?
4
-3 - (-2 + 3 + -2)
-2
What is the value of (1 - 4) + 5 + 4 + -1?
5
Evaluate -10 + (-4 - -5) + (-6 - -8).
-7
Calculate -3 + 1 + (-5 - -10) + -4.
-1
What is (13 + -10 - 2) + -5?
-4
What is the value of -7 - (11 + -10 + -7)?
-1
What is the value of (-2 + -9 - -16) + -1?
4
Evaluate -9 - -2 - -3 - (3 + -4).
-3
Evaluate (-11 - -23) + -10 + (-1 - 7).
-6
Calculate -1 + -2 + -1 + -1.
-5
What is 7 - (-1 + 14 - 8)?
2
3 + (-6 - 5 - -3)
-5
What is the value of -5 - 9 - (0 - 6) - -2?
-6
Evaluate 0 - (-1 + -4 + 0 + 1).
4
Evaluate 0 - (-4 + (8 - 5)).
1
5 - (-5 + 3 - -4)
3
Evaluate 3 + (3 + 3 - 5) + -1.
3
What is the value of -6 + (2 - -3 - -1)?
0
2 + -6 + 1 + -4
-7
Calculate 2 - ((1 - (4 - -1)) + 3).
3
Calculate 136 - 136 - (2 - -5).
-7
Calculate -1 - 3 - (-23 - (-11 - 1)).
7
Evaluate -7 - (5 + -4 - 10 - -4).
-2
0 + -7 - (6 - 9)
-4
Evaluate 0 + (-2 + 1 + -4 - 0).
-5
Evaluate (1 + 1 - -2) + 0 + -1.
3
What is 0 + 6 + 0 + 2 + -5?
3
Calculate (-8 + 1 - -6) + (1 - -2).
2
1 - (-1 - 0) - (-166 + 163)
5
What is the value of (0 + 5 - 5) + 1?
1
Calculate 2 - ((-2 - 0) + -1).
5
Calculate 7 + (2 + -12 - 2).
-5
Evaluate (2 - -1) + (14 - 20).
-3
What is -23 - ((6 - 2) + -17)?
-10
Calculate (67 - 74) + (4 - 0).
-3
What is the value of -2 - (-3 + (1 - 4))?
4
(5 - 7) + 2 - -4
4
Calculate -6 + (6 + -11 - 0 - -20).
9
-4 + -12 + 9 - (-2 - 0)
-5
Calculate -5 - (-2 + 5 - 11).
3
What is (-5 - (4 - 8)) + -4?
-5
Calculate 4 - (2 + (-5 - -7)) - -1.
1
What is the value of 3 + -3 + 2 + -4?
-2
What is 5 - (3 + 4 + -3)?
1
Calculate 4 + -2 - -1 - 2.
1
What is the value of 2 - (2 + -1 - (-2 - 1))?
-2
2 + -4 + 2 + (-5 - -4)
-1
Calculate 10 + 2 + (23 - 25).
10
Evaluate 4 + (2 - (7 - 0)).
-1
Evaluate 2 + -8 + 6 + 2.
2
What is the value of -32 - -31 - (-1 - -1)?
-1
What is the value of 3 - (-14 + 7 + 8)?
2
What is 2 + (-1 - (-6 + 2))?
5
What is 1 + -1 + (1 - 3) + 2?
0
Evaluate (-41 - -31) + 0 + 19.
9
Evaluate (-48 - -49) + 1 + (-9 - -1).
-6
What is the value of 6 + (0 - 8) + (9 - 6)?
1
What is the value of (-12 + 2 - -8) + 2?
0
Evaluate 7 - 4 - (-1 - 2).
6
What is the value of -3 + 7 + -11 - -11?
4
Evaluate 0 + 1 + -1 + 2 - 0.
2
What is the value of 51 + -47 + (-2 - 9)?
-7
What is the value of -8 + (17 - (-10 - -9))?
10
What is 1 + 13 - 11 - (0 + 1)?
2
Calculate 5 + (-11 + -3 - 0).
-9
What is 1 + -6 + 6 - (-4 - 3)?
8
0 + -8 + (12 - -3)
7
What is the value of (3 - (5 + -11)) + -7?
2
What is -6 - (4 - (12 + 4 - 3))?
3
What is the value of 20 - (7 - (-8 + 3))?
8
Calculate (0 + -4 - -3 - 2) + 6.
3
Calculate 0 - 0 - 3 - 0.
-3
What is 2 + (2 - (5 + -3)) + 2?
4
Evaluate -2 + 2 + 3 + -1.
2
Evaluate 4 + (-2 - (4 + 0)) - 3.
-5
Evaluate 2 + -11 + 6 + -2 + 0.
-5
Calculate 3 + -4 - 4 - -2.
-3
Evaluate 18 - (11 + -3) - 6.
4
1 + -1 - (-7 - -6 - 2)
3
(16 - 14) + (-2 - 0)
0
Calculate (2 - (4 + (-11 - -5))) + -4.
0
What is the value of 3 + -5 + 2 - (5 + -1)?
-4
What is (-6 - 1) + (-14 - -26)?
5
(1 - -2) + 3 + -7
-1
Calculate 5 - (0 - -2) - 3 - -1.
1
Evaluate -3 - (6 - (6 - -1)).
-2
Evaluate -1 - (5 - 0) - -1.
-5
Calculate 1 + 28 + -26 + 1 + -1.
3
Calculate 2 + -7 + 13 + -1.
7
What is (-5 - -11) + 1 + -7?
0
What is 4 + (9 - 9) - 6?
-2
-1 + -7 + 3 + 4 + -1
-2
What is -1 + (0 - 3) + 2?
-2
Evaluate 7 - (12 - -9) - -10.
-4
Evaluate -1 - -1 - 1 - (392 - 392).
-1
Calculate (3 - (9 - 3)) + 4 + -6.
-5
Evaluate 6 + -2 - (8 - 8 - -1).
3
What is the value of 9 + -7 + 10 + -12?
0
Evaluate (-9 - -7) + 11 + -7.
2
Evaluate -4 - ((3 - 11) + 1 + -2).
5
Calculate (-1 - (3 + -2 + -1)) + 1.
0
-24 + 13 + -3 + 4
-10
What is 5 - -2 - (1 - -1)?
5
Calculate (-3 - 1) + -2 - (-2 - 9).
5
6 + -3 + (1 - 2) + 0
2
What is -4 - (3 - 5) - -7?
5
What is 0 + (15 - 6) + 2 - 2?
9
What is (-9 - (-4 - 13)) + -1 + -1?
6
What is -6 + (10 - 8) + 9?
5
Calculate (3 - 5 - 1 - -4) + -5.
-4
What is the value of -9 - 0 - (-4 + -4 + 4)?
-5
Calculate 7 + (3 - (-4 + 7 + 2)).
5
Calculate 4 + 1 + 0 + -9.
-4
What is -5 + 0 + (0 + 3 - 3)?
-5
Calculate 0 - ((0 - -2) + (7 - 7)).
-2
What is the value of -6 - (-3 - -1 - 0)?
-4
(0 - -1) + (-2 - 3)
-4
Evaluate 0 + -1 + -2 - 0.
-3
-1 + -3 + (5 - 4)
-3
Evaluate -9 - -5 - -5 - (0 + 1).
0
Evaluate 3 + 6 + -8 + 0.
1
What is (-6 - -12 - 3) + 5 - 4?
4
0 - -3 - 10 - -10
3
(1 - -4) + (-4 - -1)
2
What is the value of (-2 + 1 - 1) + -3?
-5
Calculate -2 + 5 + -4 + -1.
-2
What is -2 - ((0 - (0 + 1)) + 1)?
-2
What is 1 + (-1 - 1) + (4 - 2)?
1
Calculate -46 + 35 - (0 - 10).
-1
Evaluate -21 - -2 - (29 - 41).
-7
What is 3 - (4 - (-3 - -3))?
-1
What is the value of (68 - 51) + (-10 - (1 + -4))?
10
What is -1 + (-1 - -1) - (20 - 22)?
1
82 + -81 + 0 + -9
-8
Evaluate 5 - (5 - -7) - -5.
-2
What is 3 + (5 - (-3 - -9))?
2
What is (3 + -9 - 0) + 6?
0
-5 - (8 + -11) - 0
-2
What is the value of (-4 - -7) + -6 + 8?
5
What is the value of 5 + 1 + 0 - 3?
3
5 + -10 - (0 - 3)
-2
Calculate ((-4 - -5) + -4 - -2) + -4.
-5
Evaluate -3 + 3 + -3 + 1 - 2.
-4
Calculate -5 + -1 + -7 + 9.
-4
What is 1 + -4 - -4 - 4?
-3
What is the value of 0 - -5 - (1 - -4 - 2)?
2
What is 5 - (-8 + 12 + (2 - 9))?
8
What is the value of 1 - 3 - (3 + 4 - 6)?
-3
What is (23 - 17) + (-1 - 3)?
2
What is -15 + (16 - (-11 + 16))?
-4
Evaluate -12 + (8 - (12 - 8)).
-8
(35 - 36) + (5 - 0) + 0
4
What is the value of (-12 - 2 - -7) + 7?
0
What is (0 - -3) + (6 - (3 + 6))?
0
What is the value of (-5 - -2) + (18 - (-1 + 14))?
2
Calculate (-1 - 0) + -1 + -3 + 4.
-1
What is -3 - ((-1 - (-2 - -4)) + 1)?
-1
6 + -2 + 4 + -6 + -8
-6
-9 + (-4 - (-9 - 7))
3
What is the value of 11 + (-1 + -10 - 2)?
-2
-1 - 3 - (-15 - -8)
3
What is the value of (0 + 1 - 4) + 3 + -1?
-1
Calculate (-2 + 8 + -3 - -2) + -7.
-2
What is -4 - (-2 - (0 + -6 + 2))?
-6
What is -4 + (-4 - -4) - -3?
-1
Evaluate 1 - (-5 - -4) - (0 - -5).
-3
Evaluate (-2 - -4) + -12 + 15.
5
What is 1 + 2 - 8 - (0 + -1)?
-4
What is 0 - -2 - (-5 - -5)?
2
Evaluate (0 - (1 - 8)) + 6 + -8.
5
3 + -8 + 3 + -1
-3
What is -2 - -2 - ((3 - -4) + -6)?
-1
What is the value of (1 - -1) + 11 + -10?
3
Calculate -1 + 5 + 1 + -8.
-3
Evaluate (1 - -1) + -29 + 26.
-1
What is 3 + 0 + -3 + 0 + 0?
0
What is the value of 0 + 3 + 1 - 9?
-5
What is the value of -9 - -1 - (-3 - 9)?
4
Calculate (3 - 2) + -8 - (-29 - -13).
9
What is the value of -6 - (-5 + (3 - (5 - 6)))?
-5
What is (2 - 0) + 0 + (-2 - 3)?
-3
What is the value of -4 + (-1 - -3) - (7 - 13)?
4
What is the value of 8 + -13 - 6 - -4?
-7
Calculate 5 + -4 + -6 - (-1 + -8).
4
Calculate 8 - (-3 + 10 + -5).
6
(0 - 1) + (-21 - -27)
5
Calculate 2 + (-3 - (-3 + 1)).
1
2 + -10 + (3 - -2)
-3
1 - (-8 + 15 - (5 + -2))
-3
Evaluate (5 - 6) + (-4 - (0 - 1)).
-4
Evaluate (-1 - -12) + 19 + -26.
4
What is (9 - (1 + (0 - -2))) + 0?
6
Calculate -4 + 2 - (-7 - -1 - -6).
-2
Evaluate (14 - 5) + (-5 + 1 - 0).
5
Evaluate 5 - ((1 - (9 + -3)) + 8).
2
What is -63 + 65 + (-1 -